be s(z). Let d = y - -3. What is the units digit of d?
5
Let t(y) = -17*y**2 - y. Let a be t(-1). What is the units digit of (12/a)/(1/(-12))?
9
Let h be (9 - 8)*1*3. Suppose -h*r = -2*r - 19. What is the units digit of r?
9
Suppose g + 4*g + 10 = 0. What is the units digit of g/4*-2*7?
7
Let f = -4 - -1. Let h = f - -157. What is the units digit of h/(-35)*10/(-4)?
1
Let q(p) = p**3 + 2*p - 5. Let j be q(4). Suppose h - 29 = s - 4*s, 0 = 3*h + 4*s - j. What is the tens digit of h?
1
Let x(h) = 38*h + 1. What is the tens digit of x(1)?
3
What is the tens digit of 2 + (-5 - -1) - -62?
6
Suppose 102 = 3*f + 6. Suppose -f = -6*k + 2*k. What is the units digit of k?
8
Suppose 0 = z - 0*z - 93. What is the units digit of z?
3
Let q(n) = -72*n - 9. What is the hundreds digit of q(-2)?
1
Let o be (3/2)/(4/(-8)). Let x be (-3)/o*-1*1. What is the units digit of (-1)/((-7)/6 - x)?
6
What is the tens digit of 550/7 - (-30)/70?
7
Let x = 8 - 2. Suppose 2*k + 4*w = -x, 0 = 2*k - 3*w + 2*w - 19. What is the units digit of k?
7
What is the tens digit of 2 + 17 + 2 + 0?
2
Let f(u) = -u**2 - 2*u + 3 + 0*u**2 + 6*u + 3*u. What is the units digit of f(4)?
5
Let s be 9/1 + (-2 - 0). Let j be s/(-1 - (-4)/3). Let b = 30 - j. What is the units digit of b?
9
Let v(s) = 27*s - 49. What is the hundreds digit of v(8)?
1
Suppose -278 = b - 3*b. What is the tens digit of b?
3
Suppose 3*c = -35 + 629. What is the hundreds digit of c?
1
Let q be 4/(-14) - (-46)/14. Suppose g = -5*n + q - 16, -2*g + 18 = -n. What is the units digit of g?
7
Let g(n) = -28*n**2 - 10*n + 7. Let m(o) = 19*o**2 + 7*o - 5. Let x(p) = -5*g(p) - 7*m(p). Let s = -1 + 2. What is the units digit of x(s)?
8
Let h(a) be the third derivative of -a**5/20 + a**4/6 + a**3/3 - 3*a**2. Let d be h(4). Let i = -18 - d. What is the tens digit of i?
1
Let f(n) = n**3 - n**2 - 3*n - 2. Suppose 0 = -3*o - 6, -o - 1 = 3*t + 4*o. What is the units digit of f(t)?
7
What is the tens digit of (1260/8)/7*(-8)/(-10)?
1
What is the units digit of (4/(-6))/(1/(-93))?
2
Let u(v) = -v**3 + 5*v**2 + 6*v + 1. Let n(r) = -4*r**3 - 2*r**2 - r. Let o be n(-1). Suppose -o*m + 4*m - 6 = 0. What is the units digit of u(m)?
1
Let o(z) = z**3 - 4*z**2 + 2*z - 4. Let j be o(4). Let h(r) = r**3 - 5*r**2 + 4*r + 3. Let f be h(j). What is the units digit of (1/f)/((-2)/(-42))?
7
Suppose 0 = -p - 3*p + 208. Suppose -4*h = -2*h - p. What is the units digit of h?
6
Let o = -24 - -40. Suppose -4*n + o - 4 = 0. What is the units digit of n?
3
Suppose -2*j - 2*j = -36. What is the units digit of j?
9
Suppose -1568 = -y - 7*y. What is the units digit of y?
6
Suppose v + 4*v - 36 = -4*u, 2*v - 48 = -4*u. What is the units digit of u?
4
Suppose 0 = -4*o + 598 - 186. What is the units digit of o?
3
What is the units digit of 18*(-10)/60*15*-1?
5
Let j(r) = -r**3 + 3*r**2. Let n be j(5). Let x = 71 + n. What is the tens digit of x?
2
What is the units digit of (3*-11)/(9/(-12))?
4
Let j = -57 + 91. What is the units digit of j?
4
Let b be (2 - 9)*(-14)/(-2). Let h = b - -71. Suppose u = -u + h. What is the tens digit of u?
1
Let v(t) = 3*t + 3. Let h be v(4). Suppose -y + 6*y = h. What is the units digit of -3 + y - 10*-1?
0
Let v = 8 - 4. Suppose -2*b + 9 = b. Let h = v - b. What is the units digit of h?
1
Let t(m) = -m**3 - 8*m**2 + 6*m + 4. What is the units digit of t(-10)?
4
Suppose 3*f - 5*f = -50. What is the units digit of f?
5
Suppose -279 = -2*r + 275. What is the units digit of r?
7
Let s = -3 - -109. What is the units digit of s?
6
Suppose 2*s = -5*s + 245. What is the tens digit of s?
3
Let r(q) = 7*q**2 + 0*q - 3*q - 2*q**2 - q**2. What is the units digit of r(2)?
0
Suppose -5*c + 188 = -52. Suppose -c + 8 = -2*k. What is the tens digit of k?
2
Suppose 0 = 5*l - 2*l + 18. Let k = l + 8. Suppose -14 = k*b - 5*b - 2*u, b + 2*u = 6. What is the units digit of b?
4
Let q(j) = -3*j - 6. Let b be q(-16). Let i = 82 - b. What is the units digit of i?
0
Let o(h) = -1 + 2 + 2 - 1 + 2*h. What is the tens digit of o(4)?
1
Suppose -2*l - l = 3*z - 3, -5*z + l = -35. Suppose y + 75 = z*y. What is the units digit of y?
5
Let o(m) be the second derivative of -m**5/20 - 11*m**4/12 - 11*m**3/6 + 13*m**2/2 + 2*m. What is the units digit of o(-10)?
3
Suppose -4*w - 51 = -5*w. What is the units digit of w?
1
What is the units digit of ((-9)/3)/((-3)/7)?
7
Suppose 7*k = 22*k - 1740. What is the units digit of k?
6
Let h = 131 + -78. What is the tens digit of h?
5
Let t(i) = -7*i - 11. What is the units digit of t(-7)?
8
Let x = -57 - -100. What is the units digit of x?
3
Let i(f) = -f**2 - 7*f - 2. Let o be i(-8). What is the units digit of o/(-8) + 4/(-16)?
1
Suppose -5*n + 3*n + 4 = 0. Let i be (-2)/5 - 24/(-10). Suppose -n*x = -x - i. What is the units digit of x?
2
Let k be 6/((-4)/2) - -18. Let p = -12 + k. What is the units digit of p?
3
Let l(x) = x**2 - 5*x + 3. Let i be l(4). What is the units digit of ((-18)/(-15))/(i/(-5))?
6
Suppose 27 = -0*r + r. Suppose r = 3*c - 0*c. What is the units digit of c?
9
Let p(u) = -6 - 6 - 6*u**2 + 5 + u**3 - 5*u. What is the units digit of p(7)?
7
Let a(y) = 8*y - 15. Let h(i) = 7*i - 14. Let b(t) = -5*a(t) + 6*h(t). Let k(x) = -x**3 + 5*x**2 - 2*x - 1. Let j be k(4). What is the units digit of b(j)?
5
Suppose 0 = k + 12 + 2. What is the units digit of ((-24)/(-14))/(k/(-49))?
6
Suppose 16 = r + r. Suppose -3*k = 2*k + 4*d - r, -4*k + 3*d = -25. Suppose -3 = 4*y + 5, -3*x + k*y = -35. What is the units digit of x?
9
Let w be (-27)/(-6) + 3/6. Let f(p) = -p**3 + 6*p**2 - 4*p + 3. What is the units digit of f(w)?
8
What is the tens digit of (-1 - 49)*3/(-6)?
2
Let v = 119 + -184. Let g = -28 - v. What is the tens digit of g?
3
Suppose 8*d - 9*d + 73 = 0. What is the tens digit of d?
7
Suppose 0 = -2*d + 3*y + 29, 2*y - 19 = 4*d - 73. Let m = d + -10. What is the units digit of m?
3
Let n(r) = -r**3 + 5*r**2 + 7. Let z be n(5). Suppose 0*u - 5*o = -u - 21, 3*u - 5*o + 23 = 0. What is the units digit of (-1)/u*(18 - z)?
1
Let m(d) = 7*d**2 - 2*d - 1. What is the units digit of m(2)?
3
Suppose 3*t + 9 = 0, -3*t = -v - 8*t + 2. What is the tens digit of v?
1
Suppose 0*n + 5 = -n - 2*i, -5*n + 27 = -3*i. Suppose x = -2*j + n, -3*x - 24 = -5*x + 2*j. Suppose -x = -3*k + 18. What is the units digit of k?
9
Let a(i) = 2*i**3 + 2*i**2 + i. What is the units digit of a(3)?
5
Suppose 3*q = 7*q - 144. Suppose -2*j - j = -q. Let s(o) = -o**3 + 11*o**2 + 12*o + 13. What is the units digit of s(j)?
3
Let b = -37 - -54. Let j be (-9 + 6)/((-3)/8). Let i = b - j. What is the units digit of i?
9
Let v(r) = -r**2 - 5*r + 8. Suppose -5*f = -2 - 3. Let l be f/1*(-6)/1. What is the units digit of v(l)?
2
Suppose g - 70 = -5*m, 4*g + 0*g - 56 = -4*m. What is the tens digit of m?
1
Let t(q) be the second derivative of -q**3/6 - 4*q**2 - q. Let d be t(-10). Suppose y - 11 = 5*i, y = -d*y - i + 17. What is the units digit of y?
6
Let q(w) = w + 6. Suppose -5*c - 2*h - 29 = 16, 0 = -5*c - 3*h - 50. Let s be q(c). What is the units digit of (s/(-2))/(1/12)?
6
Let r(z) = -10*z**2 + 1 + z + 4 + z**2 - z**3 - 2*z. What is the units digit of r(-9)?
4
Let q be (-2)/(-4) - (-84)/24. Suppose 2*v + m = -0*v + 42, q*v = 5*m + 56. What is the units digit of v?
9
Let t = 3 + 1. Let o = -109 - -208. What is the tens digit of (-2)/t + o/6?
1
What is the tens digit of (330/(-9))/((-1)/9)?
3
Let t = 34 - -62. What is the tens digit of t?
9
What is the units digit of (-18)/27 + (-116)/(-3)?
8
Let i = 656 - 414. What is the units digit of i?
2
Let w = -3 + 6. Suppose w*f + 0 = 2*h + 3, 0 = -f + 5*h - 12. Suppose -f*s + 20 + 7 = 0. What is the units digit of s?
9
Suppose 4*i = -i. Suppose -4*z + 100 = -2*k, i*z = -4*z - 3*k + 100. What is the tens digit of z?
2
Let y(o) = o + 6. Let m be y(6). Let b be 0/((1*-2)/(-2)). Suppose -4*u - 8 = b, m = 2*i - 2*u - 6. What is the units digit of i?
7
Suppose 0*u + 3*t = 5*u - 74, 0 = u - 5*t - 28. What is the tens digit of u?
1
Suppose -2*v = -v - 77. What is the tens digit of v?
7
Let t(v) = 6*v**2 + 6*v + 6. Suppose 4*z = 20, -4*p - z - 2*z = -3. What is the tens digit of t(p)?
4
Suppose 0*u = -2*u. Suppose 5*v - 3*a + 52 = u, 4*v - v = -4*a - 8. What is the units digit of v/(-3) + (-6)/9?
2
Let j = 6 - 13. Let 